{"id":3713,"date":"2018-10-12T12:32:23","date_gmt":"2018-10-12T15:32:23","guid":{"rendered":"http:\/\/192.168.1.114\/havnor-demo\/business-consulting\/?page_id=3713"},"modified":"2020-07-02T12:15:30","modified_gmt":"2020-07-02T15:15:30","slug":"home","status":"publish","type":"page","link":"https:\/\/timerastreamento.com.br\/site\/","title":{"rendered":"Home"},"content":{"rendered":"<p>[vc_row overlay_dotted=&#8221;&#8221;][vc_column width=&#8221;1\/2&#8243; text_alignment=&#8221;text-center&#8221; offset=&#8221;vc_hidden-lg vc_hidden-md&#8221;]<div class=\"hanor-btns-group  hanor-btn-69d646d4baf12 cpation-center \"><a href=\"http:\/\/www16.itrack.com.br\/ctimerastreamento\" target=\"_blank\" class=\"hanor-btn\"><span class=\"hanor-btn-text\"><i class=\"fa fa-lock\"><\/i> ACESSO ESPECIAL<\/span><\/a><\/div>[\/vc_column][vc_column width=&#8221;1\/2&#8243; text_alignment=&#8221;text-center&#8221; offset=&#8221;vc_hidden-lg vc_hidden-md&#8221;]<div class=\"hanor-btns-group  hanor-btn-69d646d4baf46 cpation-center \"><a href=\"https:\/\/timerastreamento.iterwelkom.com\/login\" target=\"_blank\" class=\"hanor-btn\"><span class=\"hanor-btn-text\"><i class=\"fa fa-map-marker\"><\/i> RASTREAR VE\u00cdCULOS<\/span><\/a><\/div>[\/vc_column][\/vc_row][vc_row overlay_dotted=&#8221;&#8221; css=&#8221;.vc_custom_1585826096018{padding-top: 5% !important;padding-bottom: 3% !important;}&#8221;][vc_column offset=&#8221;vc_col-lg-5 vc_col-md-5 vc_hidden-sm vc_hidden-xs&#8221;]<div class=\"hanor-section-title section-title-two hanor-stitle-69d646d4baf6e-solucoes-para-voce-rastrear-gerenciar-e-proteger-seu-veiculo cpation-left \"><p>Nossos Servi\u00e7os<\/p><h2 class=\"section-title\">Solu\u00e7\u00f5es para voc\u00ea rastrear, gerenciar e proteger seu ve\u00edculo.<\/h2><\/div>[\/vc_column][vc_column width=&#8221;1\/12&#8243; css=&#8221;.vc_custom_1585825527156{padding-top: 7% !important;}&#8221; offset=&#8221;vc_hidden-sm vc_hidden-xs&#8221;][\/vc_column][vc_column offset=&#8221;vc_col-lg-6 vc_col-md-6 vc_hidden-sm vc_hidden-xs&#8221;][vc_empty_space height=&#8221;20px&#8221;][vc_column_text]<\/p>\n<p style=\"text-align: justify;\">A seguran\u00e7a se tornou essencial para nosso dia a dia e se tornou indispens\u00e1vel para o sucesso dos neg\u00f3cios. A Time Rastreamento oferece uma gama de produtos focados em seguran\u00e7a de ve\u00edculos, tudo para que voc\u00ea possa minimizar riscos e proteger seus bens.<\/p>\n<p>[\/vc_column_text][\/vc_column][\/vc_row][vc_row overlay_dotted=&#8221;&#8221;][vc_column offset=&#8221;vc_col-lg-5 vc_hidden-lg vc_col-md-5 vc_hidden-md&#8221;]<div class=\"hanor-section-title section-title-two hanor-stitle-69d646d4bb034-solucoes-de-protecao-e-gerenciamento-de-veiculos cpation-center \"><p>Nossos Servi\u00e7os<\/p><h2 class=\"section-title\">Solu\u00e7\u00f5es de prote\u00e7\u00e3o e gerenciamento de ve\u00edculos.<\/h2><\/div>[\/vc_column][vc_column width=&#8221;1\/12&#8243; offset=&#8221;vc_hidden-lg vc_hidden-md&#8221;][\/vc_column][vc_column offset=&#8221;vc_col-lg-6 vc_hidden-lg vc_col-md-6 vc_hidden-md&#8221;][vc_column_text]<\/p>\n<p style=\"text-align: justify;\">A seguran\u00e7a se tornou essencial para nosso dia a dia e se tornou indispens\u00e1vel para o sucesso dos neg\u00f3cios. A Time Rastreamento oferece uma gama de produtos focados em seguran\u00e7a de ve\u00edculos, tudo para que voc\u00ea possa minimizar riscos e proteger seus bens.<\/p>\n<p>[\/vc_column_text][\/vc_column][\/vc_row][vc_row][vc_column width=&#8221;1\/2&#8243;]<div class=\"hanor-services hanor-stunning-services services-style-one hanor-service-69d646d4bb111     hide-border\"><div class=\"service-item hanor-item\"><div class=\"hanor-icon\"><img src=\"https:\/\/timerastreamento.com.br\/site\/wp-content\/uploads\/2020\/04\/rastreadores-para-todos-tipos-de-veiculos.jpg\" alt=\"\"><\/div><div class=\"service-info-wrap\"><div class=\"service-info\"><h4 class=\"service-title\"><a href=\"\/site\/rastreamento\" target=\"_self\">Rastreamento<\/a><\/h4><p>Acompanhe qualquer tipo ve\u00edculo e monitore seus dados.<\/p>\n<\/div><\/div><\/div><\/div>[\/vc_column][vc_column width=&#8221;1\/2&#8243;]<div class=\"hanor-services hanor-stunning-services services-style-one hanor-service-69d646d4bb6ee     hide-border\"><div class=\"service-item hanor-item\"><div class=\"hanor-icon\"><img src=\"https:\/\/timerastreamento.com.br\/site\/wp-content\/uploads\/2020\/04\/time-seguros-e-protecao-veicular.jpg\" alt=\"\"><\/div><div class=\"service-info-wrap\"><div class=\"service-info\"><h4 class=\"service-title\"><a href=\"\/site\/protecao-veicular\" target=\"_self\">Prote\u00e7\u00f5es Veiculares<\/a><\/h4><p>Viva a seguran\u00e7a com nossas op\u00e7\u00f5es de prote\u00e7\u00e3o.<\/p>\n<\/div><\/div><\/div><\/div>[\/vc_column][\/vc_row]<\/p>\n","protected":false},"excerpt":{"rendered":"[vc_row overlay_dotted=&#8221;&#8221;][vc_column width=&#8221;1\/2&#8243; text_alignment=&#8221;text-center&#8221; offset=&#8221;vc_hidden-lg vc_hidden-md&#8221;][\/vc_column][vc_column width=&#8221;1\/2&#8243; text_alignment=&#8221;text-center&#8221; offset=&#8221;vc_hidden-lg vc_hidden-md&#8221;][\/vc_column][\/vc_row][vc_row overlay_dotted=&#8221;&#8221; css=&#8221;.vc_custom_1585826096018{padding-top: 5% !important;padding-bottom: 3% !important;}&#8221;][vc_column offset=&#8221;vc_col-lg-5 vc_col-md-5 vc_hidden-sm vc_hidden-xs&#8221;][\/vc_column][vc_column width=&#8221;1\/12&#8243; css=&#8221;.vc_custom_1585825527156{padding-top: 7% !important;}&#8221; offset=&#8221;vc_hidden-sm vc_hidden-xs&#8221;][\/vc_column][vc_column offset=&#8221;vc_col-lg-6 vc_col-md-6 vc_hidden-sm vc_hidden-xs&#8221;][vc_empty_space height=&#8221;20px&#8221;][vc_column_text] A seguran\u00e7a se tornou essencial para nosso dia a dia e se tornou indispens\u00e1vel para o sucesso dos neg\u00f3cios. A Time Rastreamento oferece uma&#8230;","protected":false},"author":1,"featured_media":4405,"parent":0,"menu_order":1,"comment_status":"closed","ping_status":"closed","template":"","meta":[],"_links":{"self":[{"href":"https:\/\/timerastreamento.com.br\/site\/wp-json\/wp\/v2\/pages\/3713"}],"collection":[{"href":"https:\/\/timerastreamento.com.br\/site\/wp-json\/wp\/v2\/pages"}],"about":[{"href":"https:\/\/timerastreamento.com.br\/site\/wp-json\/wp\/v2\/types\/page"}],"author":[{"embeddable":true,"href":"https:\/\/timerastreamento.com.br\/site\/wp-json\/wp\/v2\/users\/1"}],"replies":[{"embeddable":true,"href":"https:\/\/timerastreamento.com.br\/site\/wp-json\/wp\/v2\/comments?post=3713"}],"version-history":[{"count":33,"href":"https:\/\/timerastreamento.com.br\/site\/wp-json\/wp\/v2\/pages\/3713\/revisions"}],"predecessor-version":[{"id":4555,"href":"https:\/\/timerastreamento.com.br\/site\/wp-json\/wp\/v2\/pages\/3713\/revisions\/4555"}],"wp:featuredmedia":[{"embeddable":true,"href":"https:\/\/timerastreamento.com.br\/site\/wp-json\/wp\/v2\/media\/4405"}],"wp:attachment":[{"href":"https:\/\/timerastreamento.com.br\/site\/wp-json\/wp\/v2\/media?parent=3713"}],"curies":[{"name":"wp","href":"https:\/\/api.w.org\/{rel}","templated":true}]}}